{"id":322,"date":"2015-09-20T18:36:24","date_gmt":"2015-09-20T18:36:24","guid":{"rendered":"http:\/\/www.quantumgamejam.com\/?page_id=322"},"modified":"2015-12-05T07:35:52","modified_gmt":"2015-12-05T07:35:52","slug":"schrodingers-milk-adventure","status":"publish","type":"page","link":"http:\/\/www.finnishgamejam.com\/quantumjam2015\/games\/2015-games\/denmark\/schrodingers-milk-adventure\/","title":{"rendered":"Schr\u00f6dinger&#8217;s Milk Adventure"},"content":{"rendered":"<p>Whether alive or dead, a cat needs milk! Try to guide Schr\u00f6dinger&#8217;s cat through Schr\u00f6dinger&#8217;s house by manipulating a complex wavefunction representing the cat&#8217;s desire for milk and stuff. Beware of excitations, which will lead to positional uncertainty! When your doubts grow too big, just look at the cat, and you&#8217;ll know where it is. Our teams fastest time without using observations is 1:03. Can you beat our time?<\/p>\n<p>Kristian Bak Sune Monrad Lindhardt Raimi Nikkari Svend Holmboe Pedersen Morten Andreasen<\/p>\n<p><a href=\"http:\/\/www.quantumgamejam.com\/wp-content\/uploads\/2015\/09\/Aarhus-Schrodingers-Milk-Adventure.jpg\"><img decoding=\"async\" loading=\"lazy\" class=\"alignnone size-medium wp-image-381\" src=\"http:\/\/www.quantumgamejam.com\/wp-content\/uploads\/2015\/09\/Aarhus-Schrodingers-Milk-Adventure-300x224.jpg\" alt=\"Aarhus - Schrodingers Milk Adventure\" width=\"300\" height=\"224\" srcset=\"http:\/\/www.finnishgamejam.com\/quantumjam2015\/wp-content\/uploads\/2015\/09\/Aarhus-Schrodingers-Milk-Adventure-300x224.jpg 300w, http:\/\/www.finnishgamejam.com\/quantumjam2015\/wp-content\/uploads\/2015\/09\/Aarhus-Schrodingers-Milk-Adventure-1024x765.jpg 1024w, http:\/\/www.finnishgamejam.com\/quantumjam2015\/wp-content\/uploads\/2015\/09\/Aarhus-Schrodingers-Milk-Adventure.jpg 1616w\" sizes=\"(max-width: 300px) 100vw, 300px\" \/><\/a><\/p>\n<p><a href=\"http:\/\/www.mediafire.com\/download\/7e12qpidlklq6aw\">Download all game files<\/a><\/p>\n","protected":false},"excerpt":{"rendered":"<p>Whether alive or dead, a cat needs milk! Try to guide Schr\u00f6dinger&#8217;s cat through Schr\u00f6dinger&#8217;s house by manipulating a complex wavefunction representing the cat&#8217;s desire for milk and stuff. Beware of excitations, which will lead to positional uncertainty! When your doubts grow too big, just look at the cat, and you&#8217;ll know where it is. [&hellip;]<\/p>\n","protected":false},"author":3,"featured_media":0,"parent":294,"menu_order":0,"comment_status":"closed","ping_status":"closed","template":"","meta":{"footnotes":""},"_links":{"self":[{"href":"http:\/\/www.finnishgamejam.com\/quantumjam2015\/wp-json\/wp\/v2\/pages\/322"}],"collection":[{"href":"http:\/\/www.finnishgamejam.com\/quantumjam2015\/wp-json\/wp\/v2\/pages"}],"about":[{"href":"http:\/\/www.finnishgamejam.com\/quantumjam2015\/wp-json\/wp\/v2\/types\/page"}],"author":[{"embeddable":true,"href":"http:\/\/www.finnishgamejam.com\/quantumjam2015\/wp-json\/wp\/v2\/users\/3"}],"replies":[{"embeddable":true,"href":"http:\/\/www.finnishgamejam.com\/quantumjam2015\/wp-json\/wp\/v2\/comments?post=322"}],"version-history":[{"count":7,"href":"http:\/\/www.finnishgamejam.com\/quantumjam2015\/wp-json\/wp\/v2\/pages\/322\/revisions"}],"predecessor-version":[{"id":444,"href":"http:\/\/www.finnishgamejam.com\/quantumjam2015\/wp-json\/wp\/v2\/pages\/322\/revisions\/444"}],"up":[{"embeddable":true,"href":"http:\/\/www.finnishgamejam.com\/quantumjam2015\/wp-json\/wp\/v2\/pages\/294"}],"wp:attachment":[{"href":"http:\/\/www.finnishgamejam.com\/quantumjam2015\/wp-json\/wp\/v2\/media?parent=322"}],"curies":[{"name":"wp","href":"https:\/\/api.w.org\/{rel}","templated":true}]}}